 238639?
3
What is the ten thousands digit of 10281463?
8
What is the units digit of 470777?
7
What is the ten thousands digit of 498149?
9
What is the hundreds digit of 100676?
6
What is the thousands digit of 11251878?
1
What is the thousands digit of 787612?
7
What is the units digit of 303895?
5
What is the units digit of 4380011?
1
What is the thousands digit of 45568306?
8
What is the hundreds digit of 578735?
7
What is the millions digit of 6722990?
6
What is the units digit of 1809805?
5
What is the units digit of 337790?
0
What is the millions digit of 8166597?
8
What is the thousands digit of 2447874?
7
What is the ten thousands digit of 232332?
3
What is the thousands digit of 6114430?
4
What is the hundred thousands digit of 168978?
1
What is the tens digit of 5584514?
1
What is the thousands digit of 81216?
1
What is the units digit of 558861?
1
What is the tens digit of 3094725?
2
What is the thousands digit of 403835?
3
What is the units digit of 1022607?
7
What is the hundred thousands digit of 10570222?
5
What is the ten thousands digit of 6319788?
1
What is the ten thousands digit of 6580811?
8
What is the thousands digit of 12513563?
3
What is the tens digit of 33196686?
8
What is the units digit of 3162058?
8
What is the hundreds digit of 7200768?
7
What is the units digit of 887336?
6
What is the hundred thousands digit of 19595755?
5
What is the hundreds digit of 810789?
7
What is the hundreds digit of 195933?
9
What is the thousands digit of 196554?
6
What is the thousands digit of 12447762?
7
What is the thousands digit of 1040278?
0
What is the ten thousands digit of 3657526?
5
What is the hundreds digit of 83235?
2
What is the hundred thousands digit of 6414102?
4
What is the millions digit of 2040774?
2
What is the hundreds digit of 4590138?
1
What is the units digit of 7690277?
7
What is the thousands digit of 6917?
6
What is the ten thousands digit of 260784?
6
What is the hundred thousands digit of 3028748?
0
What is the millions digit of 11465660?
1
What is the ten thousands digit of 4514512?
1
What is the millions digit of 12602083?
2
What is the hundred thousands digit of 310824?
3
What is the tens digit of 8075513?
1
What is the units digit of 10868978?
8
What is the tens digit of 1405858?
5
What is the hundreds digit of 5161962?
9
What is the hundred thousands digit of 39456051?
4
What is the units digit of 2151544?
4
What is the tens digit of 24676254?
5
What is the ten thousands digit of 3265084?
6
What is the thousands digit of 37892451?
2
What is the millions digit of 28231117?
8
What is the tens digit of 78621?
2
What is the millions digit of 20018009?
0
What is the ten thousands digit of 571470?
7
What is the ten thousands digit of 536457?
3
What is the millions digit of 7912746?
7
What is the thousands digit of 407328?
7
What is the tens digit of 603532?
3
What is the hundred thousands digit of 1067100?
0
What is the units digit of 353192?
2
What is the hundred thousands digit of 1112639?
1
What is the ten thousands digit of 480319?
8
What is the thousands digit of 34678745?
8
What is the thousands digit of 13310100?
0
What is the ten thousands digit of 278034?
7
What is the hundred thousands digit of 309381?
3
What is the units digit of 4652182?
2
What is the ten thousands digit of 14122901?
2
What is the ten thousands digit of 3554702?
5
What is the tens digit of 1816744?
4
What is the thousands digit of 999840?
9
What is the ten thousands digit of 4017603?
1
What is the ten thousands digit of 8105467?
0
What is the thousands digit of 229751?
9
What is the thousands digit of 565992?
5
What is the ten thousands digit of 23735132?
3
What is the units digit of 1766997?
7
What is the units digit of 80378?
8
What is the hundred thousands digit of 655200?
6
What is the tens digit of 1988569?
6
What is the units digit of 3679488?
8
What is the ten thousands digit of 927841?
2
What is the units digit of 538814?
4
What is the hundreds digit of 3692378?
3
What is the tens digit of 9602370?
7
What is the millions digit of 7695878?
7
What is the hundred thousands digit of 715914?
7
What is the tens digit of 866645?
4
What is the tens digit of 6285534?
3
What is the hundreds digit of 16080?
0
What is the ten thousands digit of 15654771?
5
What is the tens digit of 11608584?
8
What is the hundred thousands digit of 891723?
8
What is the tens digit of 959154?
5
What is the hundred thousands digit of 348418?
3
What is the tens digit of 1027328?
2
What is the hundreds digit of 1798993?
9
What is the hundreds digit of 8272748?
7
What is the ten thousands digit of 1140339?
4
What is the millions digit of 11759416?
1
What is the hundred thousands digit of 1252561?
2
What is the thousands digit of 51537?
1
What is the thousands digit of 3672982?
2
What is the thousands digit of 4301545?
1
What is the hundreds digit of 31658?
6
What is the millions digit of 4358208?
4
What is the hundreds digit of 7462276?
2
What is the ten thousands digit of 275596?
7
What is the tens digit of 365006?
0
What is the tens digit of 80657?
5
What is the ten thousands digit of 236553?
3
What is the tens digit of 2719462?
6
What is the tens digit of 6463670?
7
What is the hundred thousands digit of 10457672?
4
What is the thousands digit of 11206583?
6
What is the units digit of 726659?
9
What is the thousands digit of 399988?
9
What is the hundred thousands digit of 442206?
4
What is the hundreds digit of 1549997?
9
What is the ten thousands digit of 1502474?
0
What is the tens digit of 320108?
0
What is the hundred thousands digit of 228600?
2
What is the thousands digit of 507802?
7
What is the units digit of 10947024?
4
What is the hundreds digit of 1452883?
8
What is the ten thousands digit of 31265?
3
What is the units digit of 4042263?
3
What is the ten millions digit of 17373403?
1
What is the ten thousands digit of 72166?
7
What is the millions digit of 10711768?
0
What is the hundreds digit of 394779?
7
What is the hundred thousands digit of 2030917?
0
What is the units digit of 1662105?
5
What is the thousands digit of 397865?
7
What is the tens digit of 523086?
8
What is the tens digit of 622929?
2
What is the millions digit of 1155779?
1
What is the hundreds digit of 3071722?
7
What is the millions digit of 24744379?
4
What is the tens digit of 13275518?
1
What is the hundred thousands digit of 11204649?
2
What is the thousands digit of 12742558?
2
What is the units digit of 97775?
5
What is the tens digit of 3196229?
2
What is the hundreds digit of 9494301?
3
What is the hundred thousands digit of 10854291?
8
What is the ten thousands digit of 33025?
3
What is the thousands digit of 143235?
3
What is the hundreds digit of 13221205?
2
What is the ten millions digit of 12170361?
1
What is the units digit of 4035383?
3
What is the ten millions digit of 16433560?
1
What is the ten thousands digit of 647806?
4
What is the tens digit of 3157775?
7
What is the millions digit of 13251953?
3
What is the millions digit of 23777913?
3
What is the units digit of 11048766?
6
What is the thousands digit of 1045175?
5
What is the tens digit of 383579?
7
What is the ten thousands digit of 654735?
5
What is the hundred thousands digit of 2284226?
2
What is the millions digit of 3993873?
3
What is the ten thousands digit of 7572266?
7
What is the thousands digit of 6441186?
1
What is the tens digit of 87741?
4
What is the ten thousands digit of 1508412?
0
What is the thousands digit of 16889147?
9
What is the thousands digit of 164045?
4
What is the ten thousands digit of 418066?
1
What is the tens digit of 176154?
5
What is the units digit of 255276?
6
What is the units digit of 155470?
0
What is the hundreds digit of 558243?
2
What is the tens digit of 40691?
9
What is the tens digit of 5389880?
8
What is the units digit of 474810?
0
What is the thousands digit of 4181121?
1
What is the units digit of 7916277?
7
What is the hundred thousands digit of 7426196?
4
What is the ten millions digit of 21953735?
2
What is the millions digit of 2691001?
2
What is the units digit of 6399884?
4
What is the millions digit of 2362955?
2
What is the ten thousands digit of 2270795?
7
What is the hundred thousands digit of 2600861?
6
What is the thousands 